se -2 = 2*k - 4, -v*c + 27 = -5*k. List the prime factors of c/12 + (-25)/(-3).
3
Let z(h) = 2*h**2 - 2*h + 1. List the prime factors of z(4).
5
Let n be 3/(2/((-6)/(-3))). What are the prime factors of 1*12 + (1 - n)?
2, 5
Suppose -2*b - 4*n - 19 = -135, -b - 4*n + 60 = 0. List the prime factors of b.
2, 7
Suppose -2*l + l + 4*z = -11, 13 = 5*l + z. Let r(n) = 8*n - 4. Let k be r(l). Suppose m = 5*m - k. What are the prime factors of m?
5
Suppose 0*r - 3*r = 0. Let v(m) = -1 + 2*m**2 - 2*m + r*m + 0. What are the prime factors of v(2)?
3
Let d(t) = 5*t**2 + 2*t + 1. Let k be d(-1). Let b = k + -7. List the prime factors of 12/(-10)*10/b.
2
Suppose 10*b = 8*b + 6. Let h(a) = a**2 + a + 2. Let w be h(-8). Suppose 19 = -b*c + w. What are the prime factors of c?
13
Suppose -222 + 3 = -t. List the prime factors of t.
3, 73
Let p(y) = -y**2 - 5*y - 3. Let l be p(-3). Suppose 4*j = -l*t + 112, -3*j + 0*j + t = -71. List the prime factors of j.
5
Let j(s) = -s**3 + 5*s**2 + 7*s - 6. Suppose 6*x - 18 = 3*x. Let z be j(x). Suppose z*c - 40 = -5*c. What are the prime factors of c?
2
Let c(h) = h**2 - 2*h + 49. What are the prime factors of c(0)?
7
Suppose -5*z - 438 = -8*z. What are the prime factors of z?
2, 73
Suppose 4*h - 185 = -h. Let r = 54 - h. List the prime factors of r.
17
Suppose -4*p + 249 = -103. List the prime factors of p.
2, 11
Suppose -209 = -g + 4. List the prime factors of g.
3, 71
Let k = -6 + 6. Suppose -4*f + 2*f + 18 = k. What are the prime factors of f?
3
Suppose 6*j - 8 = 2*j. Suppose 4*t = 2*f - j + 32, t + 3*f - 25 = 0. What are the prime factors of t?
2, 5
Let j be (-179)/(-3) + 2/6. List the prime factors of ((-4)/(-5))/(3/j).
2
Suppose 5*k = -2*h - 227, -2*k + 89 = -4*k + h. Let l = k - -80. List the prime factors of l.
5, 7
Let h(u) = u + 8. Suppose -2 = 5*g + 18. List the prime factors of h(g).
2
Let f be (-1)/(1 + -2) + 1. Suppose 4*r = 18 + f. Suppose -r*b + 19 = -21. What are the prime factors of b?
2
Let j(x) = -x**3 - 5*x**2 + 4*x + 8. Let d be j(-6). Let l = -7 + d. What are the prime factors of l?
13
Suppose -5*n + 2 + 8 = 0. Suppose 2*d = -n*d + 12. What are the prime factors of d?
3
Let u(n) = 37*n - 25. List the prime factors of u(7).
2, 3, 13
Suppose f = 2*g + 17, 2*f - 3 = -3*g + 10. List the prime factors of f.
11
List the prime factors of (3/(-24)*-206)/(3/12).
103
Let p(i) = i**3 - 2*i**2 + i - 2. Let u be p(4). Suppose -4*f = -u - 10. List the prime factors of 2/(2/f) + 1.
2, 3
Suppose 5 = j - w, 3*j + 25 = -2*j - 5*w. Suppose 2*q = q - 3. What are the prime factors of q/(-3) + (j - -8)?
3
Suppose 5*b - 13 - 32 = 0. Suppose b = 2*v - w, -16 = -5*v + w - 5*w. List the prime factors of v.
2
Let o(c) = c**2 + 4*c - 2. Let j be o(-4). What are the prime factors of 9/1*(0 - j)?
2, 3
Let k be (0 + 2)*(0 - -2). Suppose t - k = -t. Suppose -d - 1 = 4*b, -d + 3*b = t*d - 42. List the prime factors of d.
11
Suppose b - 5*d - 15 = 8, 4*b - 3*d = 126. What are the prime factors of b?
3, 11
Let j(m) = 6 - 3*m + 5*m - m. Let r be j(-5). Let z = 2 + r. What are the prime factors of z?
3
List the prime factors of 28/(4 + (-170)/45).
2, 3, 7
Suppose -2*u - 1 = 4*c - 5, c - u + 5 = 0. Let s(a) = -14*a**3 + 1. List the prime factors of s(c).
3, 5
Let f = -11 - -21. Suppose 0 = -0*w + 5*w - 10. List the prime factors of (f/(-3))/(w/(-6)).
2, 5
Suppose -2*a - 11 = -4*g - 3, g - 5*a = 2. Let w be 3 + (g - (2 - 2)). Suppose 32 = -w*m + 137. What are the prime factors of m?
3, 7
Let u = 22 - -2. Suppose -12 = 4*x, -5*j + 6*x - 3*x = -u. List the prime factors of j.
3
Suppose 0 = 2*i + i - 9, -4*i + 64 = -2*c. Let w be c/(-1)*(-8)/(-16). Let m = w + -1. What are the prime factors of m?
2, 3
Let a = -41 + 74. What are the prime factors of a?
3, 11
Let c(a) = 2*a**3 - 2*a**2 + a - 4*a - a**2 + 1. List the prime factors of c(3).
19
Let p(b) = -b**3 + 8*b**2 - 5*b - 2. Let u be p(7). Suppose 2 = 2*x + 3*x - o, 0 = 2*x + o + 2. Let l = x + u. What are the prime factors of l?
2, 3
List the prime factors of (-2 - -236)/(5 + -3).
3, 13
Suppose 0 = -2*w - c + 61, -5*w + 165 = -0*w + 5*c. List the prime factors of w.
2, 7
Suppose -2*x + 18 = -x. Suppose 27 = 5*h - 3*q + 6, -3*q - x = -4*h. Suppose h*v = -14 + 50. List the prime factors of v.
2, 3
Let t = 5 - -12. List the prime factors of t.
17
Suppose -4 + 5 = n. Suppose -c + n + 3 = 0. What are the prime factors of c?
2
Let p(d) = 12*d**2 + d - 4. List the prime factors of p(-2).
2, 3, 7
Let f(g) = 5*g - 12. Let q(p) = -3*p + 6. Let m(k) = 4*f(k) + 7*q(k). Let t be m(-8). Suppose i - 16 = -d, -t*i + d + 12 = -2*d. List the prime factors of i.
2, 3
Suppose -5*y = -4*y - 15. List the prime factors of y.
3, 5
Let l(v) = 20*v - 7. List the prime factors of l(3).
53
Let f(w) = -w**3 + 6*w**2 - 3*w - 8. Let a be f(5). Let m(j) = 5*j**2 - j - 2. What are the prime factors of m(a)?
2
Let d(i) = -i**2 + 9*i - 5. Let u be d(6). Let z = u + 3. List the prime factors of z.
2
Let l = 56 - 82. Let n = l - -46. What are the prime factors of n?
2, 5
Let l = -4 - -3. Let b be (l - 1*-2) + 3. Let c = 1 + b. What are the prime factors of c?
5
Let z(f) = 7 - f**2 + 4 + 0 + 0*f + f. Suppose -o - 4 = -g, 0 = 2*o + 5*g - 10 - 10. What are the prime factors of z(o)?
11
Let l(q) = 3*q - 2. Let s(b) be the third derivative of b**4/4 - b**3/2 - 2*b**2. Let k(i) = -5*l(i) + 3*s(i). What are the prime factors of k(3)?
2, 5
Let g(j) = 6 - 6*j**2 - j**3 + 4*j**3 - j - 4*j**3 + j**2. What are the prime factors of g(-5)?
11
Let f = -25 - -50. What are the prime factors of f?
5
Let l(g) = -6*g + 15. Let m(c) = -6*c + 14. Let w(v) = 6*l(v) - 7*m(v). List the prime factors of w(8).
2, 5
Let t = -65 + 116. What are the prime factors of t?
3, 17
Let k = 5 - 3. Suppose -3*p - 7 = 2*g + k*p, 5*p = -5*g + 5. Suppose -4*v + g = -5*f - 0, 4*v + 3*f - 36 = 0. What are the prime factors of v?
2, 3
Suppose 0 = -3*k + 4*k - 106. What are the prime factors of k?
2, 53
Suppose -4*j = -4, -3*y = -4*j + 104 - 520. What are the prime factors of y?
2, 5, 7
Let b = -8 - -13. Suppose 3*d = -0*d - 3, -2*d = b*t - 13. Suppose -t*y + 1 = -2, -3*y + 78 = 5*h. List the prime factors of h.
3, 5
Let s be (-2 + 3)/(1/(-27)). Let z be (-48)/s - 4/(-18). Suppose -z*u + 7 = -u. What are the prime factors of u?
7
Suppose 0 - 60 = -5*g. List the prime factors of g.
2, 3
Let g be 6/(-14) + 48/14. Suppose 5*o = g*o + 74. What are the prime factors of o?
37
Suppose -3*r + 409 = -17. List the prime factors of r.
2, 71
Let c = 0 + 5. Suppose c*s = m - 38, -4*m - s + 106 = 2*s. List the prime factors of m.
2, 7
Let g be 4/20 + 292/(-10). Let k = g + 46. List the prime factors of k.
17
Let o(n) = -n - 5 + 4 - 6 + 0*n. Let w be o(-9). List the prime factors of (-15)/(-2) - 1/w.
7
Let u = 67 - 23. Let p = u - 26. List the prime factors of p.
2, 3
Let p(i) = 2*i**2 - 10*i - 9. Let t be 10 - (-1)/2*-4. List the prime factors of p(t).
3, 13
Suppose 3*m - 4 = -m. Let c be ((-2)/3)/m*3. List the prime factors of -1 + c + 12/1.
3
Let q(v) = 10*v + 5. List the prime factors of q(15).
5, 31
Suppose 0 = -v - 2*h + 15, v - 19 = -0*h + 2*h. Suppose -4*a - 43 = v. List the prime factors of (-11)/(-3) - 5/a.
2
Let y(r) = -r**3 + 5*r**2 + 7*r - 4. Let q be y(6). Suppose 31 + 37 = q*a. List the prime factors of a.
2, 17
Suppose 0 = -4*p + 3*p + 5. Suppose 43 = p*b + 18. What are the prime factors of b?
5
Let p(g) = g**2 + g - 3. Let q be p(3). Suppose 10*r - q*r = 3. What are the prime factors of r?
3
Suppose 2*k - 3*k + 76 = 0. What are the prime factors of k?
2, 19
Let p(c) = c**3 - 2*c**2 + 3*c. Let v = 5 - 3. Let o be p(v). What are the prime factors of (2/o)/(1/18)?
2, 3
Suppose -3*w = -11*w + 832. What are the prime factors of w?
2, 13
Let c(l) = 2*l**2 - l. List the prime factors of c(-1).
3
Suppose 0 = 3*k + 4*m - 58, -3*m - 7 - 9 = -2*k. What are the prime factors of (-4)/(2/(k/(-1)))?
2, 7
List the prime factors of 34/(-4)*(-40)/(-3 - -8).
2, 17
Suppose 3*s - 8*s + 435 = 0. List the prime factors of s.
3, 29
Let y(f) = f**2 + 12*f - 23. List the prime factors of y(-14).
5
Suppose 5*p - 514 = -2*t, -2*p = 2*t - 137 - 65. List the prime factors of p.
2, 13
Suppose -s = -4*d + 43, 6*s - 2*s = -2*d + 44. Suppose -3*j + 6*j - d = 0. List the prime factors of j.
2
Let j